hat is the units digit of b?
6
Let i = 25 - 17. Let l be (-36)/i + 4/8. What is the units digit of 2 + 4/l - -50?
1
Suppose 3*r - 7*r = 20, 2*r - 28 = -2*b. Suppose -5*f = -a - b, -2*a + f + 43 = -3*a. Let j = 143 + a. What is the hundreds digit of j?
1
Suppose -5*s = -15, -3*a + 6*s = s - 4545. Suppose 8*v - 13*v + a = 0. What is the hundreds digit of v?
3
Suppose -36*h = -20*h - 42*h + 117052. What is the hundreds digit of h?
5
What is the hundreds digit of (-4)/(48/(-193522)) + (-3)/(-18)?
1
Let u(i) = -4*i + 3. Let l(g) = -3*g + 4. Let f(r) = -5*l(r) + 6*u(r). Let d be f(-1). Suppose -208 - 65 = -d*t. What is the tens digit of t?
3
Let i = -3318 - -6742. What is the tens digit of i?
2
Let h = 948 + -251. Suppose 6*d - 7825 = -h. What is the thousands digit of d?
1
Let a(i) = -154*i + 6. Let z be a(7). Let s(w) = -25*w + 1. Let l be s(1). What is the tens digit of z/(-14) - l/(-42)?
7
Let o(u) = 9*u**2 + 10*u - 42. Let l be o(5). Let s = 45 + l. What is the units digit of s?
8
Suppose 14524 = o + 3*n, -5*o + 1271*n - 1272*n + 72578 = 0. What is the ten thousands digit of o?
1
Let n(x) = 7*x**2 + 305*x + 360. What is the hundreds digit of n(-70)?
3
Let g be ((-8)/(-10))/(-5 - (-78)/15). Suppose -5*x + 20 + 10 = -2*n, 24 = x - g*n. Suppose 87 = -x*w + 387. What is the units digit of w?
5
Let q(w) = 130*w**2 - 24*w - 355. What is the thousands digit of q(9)?
9
Let p be 63/(-21) + (0 - -1 - 653). Let f = 1317 + p. What is the hundreds digit of f?
6
Suppose -4*j - 225 - 111 = -5*a, 5*j - 3*a = -420. What is the hundreds digit of 8/(-6) + 8*(-2114)/j?
2
Let g(c) = c**3 - c**2 - c + 2. Let s(o) = 5*o**3 - 42*o**2 + 47*o - 35. Let v(z) = -6*g(z) + s(z). What is the tens digit of v(-38)?
2
Let t(b) = 26*b**2 + 2*b - 1. Let h be t(-4). Let x = h + -173. What is the tens digit of x?
3
Suppose -10*k = -11*k + 187. Suppose -5*f + 8 = -k. What is the units digit of f?
9
Suppose -3*p + 9*p + 6 = 0. Let l be -8 + (p - (-3)/(-3)). Let y(t) = -t**3 - 8*t**2 + 13*t + 3. What is the tens digit of y(l)?
7
Let g(s) = 14*s**2 - 853*s - 224. What is the thousands digit of g(80)?
1
Let z(c) = 8*c**3 - 28*c - 9*c**3 + 6*c**2 - 16 + 38*c. Let d(j) = -2*j**2 - 13*j - 8. Let r be d(-5). What is the units digit of z(r)?
5
What is the units digit of -1423*(9 - (-220)/(-4))?
8
Let a = -153 + 181. Suppose -24*w + a*w = 1260. What is the hundreds digit of w?
3
What is the units digit of ((-4)/14)/((-24)/27720)?
0
Let k be (1/4)/(4/32) - -14. Suppose k = -26*t + 30*t. Suppose 4*d = 5*r + 234, -3*d = -t*r - 0*r - 175. What is the units digit of d?
1
Let h = -98 - -95. Let v be 1/((h/17)/(9 - 12)). Suppose 0 = -p + 29 + v. What is the tens digit of p?
4
Let r(b) = 2*b**2 - 2*b + 76. Let o be r(0). Suppose 60 = 17*m - o. Suppose 2*x = m*i - 13*i + 218, 5*x = 3*i + 607. What is the hundreds digit of x?
1
Suppose 47*m - 5049 = 14*m. Let d = 349 - m. What is the tens digit of d?
9
Let n(b) = 2*b + 129. Let t be 15/20 - (2 + 170/(-8)). What is the tens digit of n(t)?
6
Let b(p) = -p**2 - 6*p + 7. Let r be b(-7). Let f(w) be the second derivative of w**3 + 8*w**2 - 32*w + 3. What is the units digit of f(r)?
6
Let q = 43 - 49. Let d(z) = 2*z**3 + 11*z**2 - 9*z - 4. Let n be d(q). Suppose -n*m + 86 = -12*m. What is the units digit of m?
3
Suppose -5*q - 267 = -a - 23909, 0 = -5*q + 4*a + 23663. What is the units digit of q?
7
Let v = -3607 - -6260. What is the tens digit of v?
5
Suppose 4*x - 3*s + 4 = 51, 0 = 3*x + 2*s - 14. Suppose x*z - 4724 = -1260. What is the units digit of z?
3
Suppose 0 = 3*q - 186 + 702. Let l = 135 + q. Let a = l - -254. What is the tens digit of a?
1
Let t(y) = 319*y + 55. Let r be t(4). Suppose 0 = 5*a - r + 161. What is the hundreds digit of a?
2
Suppose -4*k + 3745 = -3679. Suppose -4*m = -2*f - 1486, -5*m - 2*f + 3*f + k = 0. What is the units digit of m?
1
What is the tens digit of (-13)/((-26)/(-36)) - -22709?
9
Let n be (-10 - -7)/(9/(-15)). Suppose -4*a - 12 = -3*u, a = u + n - 8. Suppose u = 4*r + 4*h - 368, 8*h - 272 = -3*r + 3*h. What is the tens digit of r?
9
Let v(q) = 2 - 12 + 8 - 7 + 783*q. What is the hundreds digit of v(1)?
7
Let a(w) = 595*w - 6182. What is the tens digit of a(71)?
6
Let x be (-534)/(-6)*(-77)/(-7). Suppose 0 = -2*v - 5*h + x, 1019 = 2*v - 12*h + 9*h. What is the tens digit of v?
0
Let j(n) = -29*n - 1. Let l be 55/44 + 2/(-8). Let t be j(l). What is the units digit of (105/(-2))/(t/(-12) + -3)?
5
Let o be -199 + 6/(-18)*-3. What is the units digit of 33/((o/552)/(-11))?
2
Suppose -49 = -4*x - 37. Let o be x + 24/(-2*2) - -6. Suppose -3*t - 4*g + 418 = -5*g, 0 = 2*t - o*g - 274. What is the hundreds digit of t?
1
Suppose -1041 = -g - d + 3895, -4*g + 5*d + 19708 = 0. What is the hundreds digit of g?
9
Let v(t) = 4*t**2 - 33*t - 1589. What is the thousands digit of v(-52)?
0
What is the units digit of (-280)/21*(-134730)/36?
0
Let a be (-4)/(-10) + 204/15 + -9. Suppose -5*f = 3*b - 1953, 8*b = -a*f + 7*b + 1951. What is the units digit of f?
0
Let q(c) = -191*c**3 - 10*c**2 - 675*c - 3978. What is the hundreds digit of q(-6)?
9
Let g(i) = 81*i**2 - i - 2. Suppose 0 = -3*p + 4*p + 4*z + 2, 5*p - 8 = -2*z. What is the hundreds digit of g(p)?
3
Let m(z) = 1660*z - 1365. What is the hundreds digit of m(16)?
1
Let k(j) = -14*j**3 + j**2 + 34*j + 6. Let v(r) = 13*r**3 - r**2 - 28*r - 6. Let x(z) = 5*k(z) + 6*v(z). What is the hundreds digit of x(5)?
9
Suppose 5*r - 3*s + 15 = 0, -4*r - 3*s = -3*r - 15. Suppose r = 13*b + 1 + 12. What is the hundreds digit of 6 + (113 - -2) - (-2)/b?
1
Let s be (-1 + (1 - 0))/(1*-1). Suppose 0 = -l - s*l + 134. Suppose -3*y + 4*t + t = -201, -2*y + 3*t + l = 0. What is the tens digit of y?
6
Suppose -3*x + 66 = -2*x. Let a = -35 + x. What is the units digit of a + -5 - (-2 + -1)?
9
Suppose 2*p - 26 + 4 = -4*b, 34 = 3*p + 5*b. Suppose -3468 = -4*w - p*w. What is the units digit of w?
4
Suppose 0 = 5*m - 2*l - 4, 6 = -16*m + 14*m - 3*l. Suppose 9*d + 636 = x + 4*d, m = d + 5. What is the hundreds digit of x?
6
Suppose -4*t = 4*n - 62944, -7*n + 47204 = 3*t - 8*n. What is the units digit of t?
5
Suppose -5*v + 26 = 4*k, 2 = -v + 4. Let n(f) = -5*f + 1 - k - 37*f - f. What is the units digit of n(-2)?
3
What is the thousands digit of 33877 - -169 - (-3 - -10)?
4
Suppose 384*n - 768*n + 372*n + 32268 = 0. What is the hundreds digit of n?
6
Let z = -74 + 74. Suppose -5*d + 10 = -z*d. Suppose d*a = 5*r - 1036, 5*r - 804 = -3*a + 217. What is the tens digit of r?
0
Suppose 0 = -5*l + 16*l - 275. Let f = 30 - l. Suppose -2*b = f*x - 33, x - 2 = 2*b - x. What is the units digit of b?
4
Let g(h) = 3979*h**2 - 67*h - 133. What is the thousands digit of g(-2)?
5
Let b(s) = s + 1. Let w(y) = 3*y + 12. Let u(v) = 2*b(v) - w(v). Let m be u(-6). What is the tens digit of 477/12 - (m + 45/12)?
4
Let a be 4/(-12) + 0 + 88/3. Let z = a + -9. Let y = z + 81. What is the hundreds digit of y?
1
Let v = -335 - -4625. What is the units digit of v?
0
Suppose -82 - 116 = -22*k. What is the units digit of (-5 + k - -3) + 510?
7
Suppose -985 = 8*v - 89. Let m = v + 262. What is the units digit of m?
0
Suppose 27*h + 52540 = 4*p + 23*h, 0 = 3*h + 3. What is the tens digit of p?
3
Suppose -13*w + 8 = -9*w. Let p(x) = -x**3 + 6*x**w - 3 + 3*x + x + 5*x. What is the tens digit of p(7)?
1
Suppose 40*r - 4*z = 41*r - 17308, 69160 = 4*r - 2*z. What is the hundreds digit of r?
2
Suppose 2*u - 5*g = -0*u - 1036, -540 = u + 3*g. Let h = u + 940. What is the tens digit of (4/2)/(8/h)?
0
Let d(q) be the second derivative of 5*q**3/6 - 49*q**2/2 + 2*q. Suppose 0 = 6*p + 2*p - 200. What is the units digit of d(p)?
6
Let n(k) = -k**3 - 8*k**2 - 2*k. Let r be n(-3). Let i = 513 + r. What is the tens digit of i?
7
Suppose -83*h + 4*h + 1544010 = 28*h. What is the ten thousands digit of h?
1
Let b = 14474 + -11599. What is the hundreds digit of b?
8
Suppose 2*m - 24339 = -4717. What is the thousands digit of m?
9
Suppose 5*o - 12 = 18. Suppose o*q - 2619 = 1185. What is the hundreds digit of q?
6
Let b(g) = 443*g - 58. Let c be b(8). Suppose 11382 = 7*m + c. Suppose 0 = -3*q - 9*q + m. What is the units digit of q?
4
What is the tens digit of (-2)/7 - 32/(6272/(-529060))?
9
Let b(a) be the first derivative of 59*a**3 - a**2/2 + a + 8. Let